{"id":40,"date":"2014-10-18T16:00:28","date_gmt":"2014-10-18T14:00:28","guid":{"rendered":"http:\/\/www.adtractive.de\/mazari\/?page_id=40"},"modified":"2022-11-20T17:28:03","modified_gmt":"2022-11-20T15:28:03","slug":"kontakt","status":"publish","type":"page","link":"https:\/\/www.adtractive.de\/mazari\/kontakt\/","title":{"rendered":"Kontakt und Impressum"},"content":{"rendered":"\n<hr class=\"wp-block-separator has-alpha-channel-opacity\"\/>\n\n\n<div class=\"wpforms-container wpforms-container-full wpforms-block\" id=\"wpforms-366\"><form id=\"wpforms-form-366\" class=\"wpforms-validate wpforms-form wpforms-ajax-form\" data-formid=\"366\" method=\"post\" enctype=\"multipart\/form-data\" action=\"\/mazari\/wp-json\/wp\/v2\/pages\/40\" data-token=\"acc4f7f553b3e2a62eb56d43f4463d04\" data-token-time=\"1776761228\"><noscript class=\"wpforms-error-noscript\">Bitte aktiviere JavaScript in deinem Browser, um dieses Formular fertigzustellen.<\/noscript><div class=\"wpforms-field-container\"><div id=\"wpforms-366-field_0-container\" class=\"wpforms-field wpforms-field-name\" data-field-id=\"0\"><label class=\"wpforms-field-label\">Name <span class=\"wpforms-required-label\">*<\/span><\/label><div class=\"wpforms-field-row wpforms-field-medium\"><div class=\"wpforms-field-row-block wpforms-first wpforms-one-half\"><input type=\"text\" id=\"wpforms-366-field_0\" class=\"wpforms-field-name-first wpforms-field-required\" name=\"wpforms[fields][0][first]\" required><label for=\"wpforms-366-field_0\" class=\"wpforms-field-sublabel after\">Vorname<\/label><\/div><div class=\"wpforms-field-row-block wpforms-one-half\"><input type=\"text\" id=\"wpforms-366-field_0-last\" class=\"wpforms-field-name-last wpforms-field-required\" name=\"wpforms[fields][0][last]\" required><label for=\"wpforms-366-field_0-last\" class=\"wpforms-field-sublabel after\">Nachname<\/label><\/div><\/div><\/div><div id=\"wpforms-366-field_1-container\" class=\"wpforms-field wpforms-field-email\" data-field-id=\"1\"><label class=\"wpforms-field-label\" for=\"wpforms-366-field_1\">E-Mail <span class=\"wpforms-required-label\">*<\/span><\/label><input type=\"email\" id=\"wpforms-366-field_1\" class=\"wpforms-field-medium wpforms-field-required\" name=\"wpforms[fields][1]\" spellcheck=\"false\" required><\/div><div id=\"wpforms-366-field_2-container\" class=\"wpforms-field wpforms-field-textarea\" data-field-id=\"2\"><label class=\"wpforms-field-label\" for=\"wpforms-366-field_2\">Kommentar oder Nachricht<\/label><textarea id=\"wpforms-366-field_2\" class=\"wpforms-field-medium\" name=\"wpforms[fields][2]\" ><\/textarea><\/div><\/div><!-- .wpforms-field-container --><div class=\"wpforms-recaptcha-container wpforms-is-recaptcha wpforms-is-recaptcha-type-v2\" ><div class=\"g-recaptcha\" data-sitekey=\"6Lfn4igjAAAAAHlV7O1Yv1mS3LGMVIF6f8Y4OpQM\"><\/div><input type=\"text\" name=\"g-recaptcha-hidden\" class=\"wpforms-recaptcha-hidden\" style=\"position:absolute!important;clip:rect(0,0,0,0)!important;height:1px!important;width:1px!important;border:0!important;overflow:hidden!important;padding:0!important;margin:0!important;\" data-rule-recaptcha=\"1\"><\/div><div class=\"wpforms-submit-container\" ><input type=\"hidden\" name=\"wpforms[id]\" value=\"366\"><input type=\"hidden\" name=\"page_title\" value=\"\"><input type=\"hidden\" name=\"page_url\" value=\"https:\/\/www.adtractive.de\/mazari\/wp-json\/wp\/v2\/pages\/40\"><input type=\"hidden\" name=\"url_referer\" value=\"\"><button type=\"submit\" name=\"wpforms[submit]\" id=\"wpforms-submit-366\" class=\"wpforms-submit\" data-alt-text=\"Senden\u2026\" data-submit-text=\"Absenden\" aria-live=\"assertive\" value=\"wpforms-submit\">Absenden<\/button><img loading=\"lazy\" decoding=\"async\" src=\"https:\/\/www.adtractive.de\/mazari\/wp-content\/plugins\/wpforms-lite\/assets\/images\/submit-spin.svg\" class=\"wpforms-submit-spinner\" style=\"display: none;\" width=\"26\" height=\"26\" alt=\"Wird geladen\"><\/div><\/form><\/div>  <!-- .wpforms-container -->\n\n\n<h1 class=\"wp-block-heading\">Impressum<\/h1>\n\n\n\n<figure class=\"wp-block-table\"><table><tbody><tr><td>E-Mail:<\/td><td>mail@mazari.de<\/td><\/tr><\/tbody><\/table><\/figure>\n\n\n\n<h2 class=\"wp-block-heading\">Verantwortlich f\u00fcr den Inhalt nach \u00a7 55 Abs. 2 RStV:<\/h2>\n\n\n\n<p>Ibrahim Mazari<br>Olpener Stra\u00dfe 876<br>51109 K\u00f6ln<br>mail@mazari.de<\/p>\n\n\n\n<p>Quelle: <em>Impressumgenerator von <a href=\"https:\/\/www.e-recht24.de\">eRecht24<\/a><\/em><\/p>\n\n\n\n<hr class=\"wp-block-separator has-alpha-channel-opacity\"\/>\n\n\n\n<p><a href=\"https:\/\/www.adtractive.de\/mazari\/datenschutz\/\">Hier geht es zur Datenschutzerkl\u00e4rung!<\/a><\/p>\n","protected":false},"excerpt":{"rendered":"<p>Impressum E-Mail: mail@mazari.de Verantwortlich f\u00fcr den Inhalt nach \u00a7 55 Abs. 2 RStV: Ibrahim MazariOlpener Stra\u00dfe 87651109 K\u00f6lnmail@mazari.de Quelle: Impressumgenerator von eRecht24 Hier geht es zur Datenschutzerkl\u00e4rung!<\/p>\n","protected":false},"author":1,"featured_media":0,"parent":0,"menu_order":0,"comment_status":"open","ping_status":"open","template":"","meta":{"footnotes":""},"class_list":["post-40","page","type-page","status-publish","hentry","entry"],"yoast_head":"<!-- This site is optimized with the Yoast SEO plugin v26.6 - https:\/\/yoast.com\/wordpress\/plugins\/seo\/ -->\n<title>Kontakt und Impressum - mazari.de<\/title>\n<meta name=\"robots\" content=\"index, follow, max-snippet:-1, max-image-preview:large, max-video-preview:-1\" \/>\n<link rel=\"canonical\" href=\"https:\/\/www.adtractive.de\/mazari\/kontakt\/\" \/>\n<meta property=\"og:locale\" content=\"de_DE\" \/>\n<meta property=\"og:type\" content=\"article\" \/>\n<meta property=\"og:title\" content=\"Kontakt und Impressum - mazari.de\" \/>\n<meta property=\"og:description\" content=\"Impressum E-Mail: mail@mazari.de Verantwortlich f\u00fcr den Inhalt nach \u00a7 55 Abs. 2 RStV: Ibrahim MazariOlpener Stra\u00dfe 87651109 K\u00f6lnmail@mazari.de Quelle: Impressumgenerator von eRecht24 Hier geht es zur Datenschutzerkl\u00e4rung!\" \/>\n<meta property=\"og:url\" content=\"https:\/\/www.adtractive.de\/mazari\/kontakt\/\" \/>\n<meta property=\"og:site_name\" content=\"mazari.de\" \/>\n<meta property=\"article:publisher\" content=\"https:\/\/www.facebook.com\/ibo.maz\" \/>\n<meta property=\"article:modified_time\" content=\"2022-11-20T15:28:03+00:00\" \/>\n<meta property=\"og:image\" content=\"https:\/\/www.adtractive.de\/mazari\/wp-content\/uploads\/2014\/10\/MG_9898.jpg\" \/>\n\t<meta property=\"og:image:width\" content=\"500\" \/>\n\t<meta property=\"og:image:height\" content=\"500\" \/>\n\t<meta property=\"og:image:type\" content=\"image\/jpeg\" \/>\n<meta name=\"twitter:card\" content=\"summary_large_image\" \/>\n<meta name=\"twitter:site\" content=\"@iboMazari\" \/>\n<meta name=\"twitter:label1\" content=\"Gesch\u00e4tzte Lesezeit\" \/>\n\t<meta name=\"twitter:data1\" content=\"1\u00a0Minute\" \/>\n<script type=\"application\/ld+json\" class=\"yoast-schema-graph\">{\"@context\":\"https:\/\/schema.org\",\"@graph\":[{\"@type\":\"WebPage\",\"@id\":\"https:\/\/www.adtractive.de\/mazari\/kontakt\/\",\"url\":\"https:\/\/www.adtractive.de\/mazari\/kontakt\/\",\"name\":\"Kontakt und Impressum - mazari.de\",\"isPartOf\":{\"@id\":\"https:\/\/www.adtractive.de\/mazari\/#website\"},\"datePublished\":\"2014-10-18T14:00:28+00:00\",\"dateModified\":\"2022-11-20T15:28:03+00:00\",\"breadcrumb\":{\"@id\":\"https:\/\/www.adtractive.de\/mazari\/kontakt\/#breadcrumb\"},\"inLanguage\":\"de\",\"potentialAction\":[{\"@type\":\"ReadAction\",\"target\":[\"https:\/\/www.adtractive.de\/mazari\/kontakt\/\"]}]},{\"@type\":\"BreadcrumbList\",\"@id\":\"https:\/\/www.adtractive.de\/mazari\/kontakt\/#breadcrumb\",\"itemListElement\":[{\"@type\":\"ListItem\",\"position\":1,\"name\":\"Home\",\"item\":\"https:\/\/www.adtractive.de\/mazari\/\"},{\"@type\":\"ListItem\",\"position\":2,\"name\":\"Kontakt und Impressum\"}]},{\"@type\":\"WebSite\",\"@id\":\"https:\/\/www.adtractive.de\/mazari\/#website\",\"url\":\"https:\/\/www.adtractive.de\/mazari\/\",\"name\":\"mazari.de\",\"description\":\"PR-Berater, Blogger, Gamification-Experte\",\"publisher\":{\"@id\":\"https:\/\/www.adtractive.de\/mazari\/#organization\"},\"potentialAction\":[{\"@type\":\"SearchAction\",\"target\":{\"@type\":\"EntryPoint\",\"urlTemplate\":\"https:\/\/www.adtractive.de\/mazari\/?s={search_term_string}\"},\"query-input\":{\"@type\":\"PropertyValueSpecification\",\"valueRequired\":true,\"valueName\":\"search_term_string\"}}],\"inLanguage\":\"de\"},{\"@type\":\"Organization\",\"@id\":\"https:\/\/www.adtractive.de\/mazari\/#organization\",\"name\":\"mazari.de\",\"url\":\"https:\/\/www.adtractive.de\/mazari\/\",\"logo\":{\"@type\":\"ImageObject\",\"inLanguage\":\"de\",\"@id\":\"https:\/\/www.adtractive.de\/mazari\/#\/schema\/logo\/image\/\",\"url\":\"https:\/\/www.adtractive.de\/mazari\/wp-content\/uploads\/2014\/10\/cropped-MG_9898.jpg\",\"contentUrl\":\"https:\/\/www.adtractive.de\/mazari\/wp-content\/uploads\/2014\/10\/cropped-MG_9898.jpg\",\"width\":190,\"height\":190,\"caption\":\"mazari.de\"},\"image\":{\"@id\":\"https:\/\/www.adtractive.de\/mazari\/#\/schema\/logo\/image\/\"},\"sameAs\":[\"https:\/\/www.facebook.com\/ibo.maz\",\"https:\/\/x.com\/iboMazari\"]}]}<\/script>\n<!-- \/ Yoast SEO plugin. -->","yoast_head_json":{"title":"Kontakt und Impressum - mazari.de","robots":{"index":"index","follow":"follow","max-snippet":"max-snippet:-1","max-image-preview":"max-image-preview:large","max-video-preview":"max-video-preview:-1"},"canonical":"https:\/\/www.adtractive.de\/mazari\/kontakt\/","og_locale":"de_DE","og_type":"article","og_title":"Kontakt und Impressum - mazari.de","og_description":"Impressum E-Mail: mail@mazari.de Verantwortlich f\u00fcr den Inhalt nach \u00a7 55 Abs. 2 RStV: Ibrahim MazariOlpener Stra\u00dfe 87651109 K\u00f6lnmail@mazari.de Quelle: Impressumgenerator von eRecht24 Hier geht es zur Datenschutzerkl\u00e4rung!","og_url":"https:\/\/www.adtractive.de\/mazari\/kontakt\/","og_site_name":"mazari.de","article_publisher":"https:\/\/www.facebook.com\/ibo.maz","article_modified_time":"2022-11-20T15:28:03+00:00","og_image":[{"width":500,"height":500,"url":"https:\/\/www.adtractive.de\/mazari\/wp-content\/uploads\/2014\/10\/MG_9898.jpg","type":"image\/jpeg"}],"twitter_card":"summary_large_image","twitter_site":"@iboMazari","twitter_misc":{"Gesch\u00e4tzte Lesezeit":"1\u00a0Minute"},"schema":{"@context":"https:\/\/schema.org","@graph":[{"@type":"WebPage","@id":"https:\/\/www.adtractive.de\/mazari\/kontakt\/","url":"https:\/\/www.adtractive.de\/mazari\/kontakt\/","name":"Kontakt und Impressum - mazari.de","isPartOf":{"@id":"https:\/\/www.adtractive.de\/mazari\/#website"},"datePublished":"2014-10-18T14:00:28+00:00","dateModified":"2022-11-20T15:28:03+00:00","breadcrumb":{"@id":"https:\/\/www.adtractive.de\/mazari\/kontakt\/#breadcrumb"},"inLanguage":"de","potentialAction":[{"@type":"ReadAction","target":["https:\/\/www.adtractive.de\/mazari\/kontakt\/"]}]},{"@type":"BreadcrumbList","@id":"https:\/\/www.adtractive.de\/mazari\/kontakt\/#breadcrumb","itemListElement":[{"@type":"ListItem","position":1,"name":"Home","item":"https:\/\/www.adtractive.de\/mazari\/"},{"@type":"ListItem","position":2,"name":"Kontakt und Impressum"}]},{"@type":"WebSite","@id":"https:\/\/www.adtractive.de\/mazari\/#website","url":"https:\/\/www.adtractive.de\/mazari\/","name":"mazari.de","description":"PR-Berater, Blogger, Gamification-Experte","publisher":{"@id":"https:\/\/www.adtractive.de\/mazari\/#organization"},"potentialAction":[{"@type":"SearchAction","target":{"@type":"EntryPoint","urlTemplate":"https:\/\/www.adtractive.de\/mazari\/?s={search_term_string}"},"query-input":{"@type":"PropertyValueSpecification","valueRequired":true,"valueName":"search_term_string"}}],"inLanguage":"de"},{"@type":"Organization","@id":"https:\/\/www.adtractive.de\/mazari\/#organization","name":"mazari.de","url":"https:\/\/www.adtractive.de\/mazari\/","logo":{"@type":"ImageObject","inLanguage":"de","@id":"https:\/\/www.adtractive.de\/mazari\/#\/schema\/logo\/image\/","url":"https:\/\/www.adtractive.de\/mazari\/wp-content\/uploads\/2014\/10\/cropped-MG_9898.jpg","contentUrl":"https:\/\/www.adtractive.de\/mazari\/wp-content\/uploads\/2014\/10\/cropped-MG_9898.jpg","width":190,"height":190,"caption":"mazari.de"},"image":{"@id":"https:\/\/www.adtractive.de\/mazari\/#\/schema\/logo\/image\/"},"sameAs":["https:\/\/www.facebook.com\/ibo.maz","https:\/\/x.com\/iboMazari"]}]}},"_links":{"self":[{"href":"https:\/\/www.adtractive.de\/mazari\/wp-json\/wp\/v2\/pages\/40","targetHints":{"allow":["GET"]}}],"collection":[{"href":"https:\/\/www.adtractive.de\/mazari\/wp-json\/wp\/v2\/pages"}],"about":[{"href":"https:\/\/www.adtractive.de\/mazari\/wp-json\/wp\/v2\/types\/page"}],"author":[{"embeddable":true,"href":"https:\/\/www.adtractive.de\/mazari\/wp-json\/wp\/v2\/users\/1"}],"replies":[{"embeddable":true,"href":"https:\/\/www.adtractive.de\/mazari\/wp-json\/wp\/v2\/comments?post=40"}],"version-history":[{"count":9,"href":"https:\/\/www.adtractive.de\/mazari\/wp-json\/wp\/v2\/pages\/40\/revisions"}],"predecessor-version":[{"id":369,"href":"https:\/\/www.adtractive.de\/mazari\/wp-json\/wp\/v2\/pages\/40\/revisions\/369"}],"wp:attachment":[{"href":"https:\/\/www.adtractive.de\/mazari\/wp-json\/wp\/v2\/media?parent=40"}],"curies":[{"name":"wp","href":"https:\/\/api.w.org\/{rel}","templated":true}]}}